24).
7
Let w(l) = -l - 4. Determine w(-31).
27
Let w(h) = -h**3 + 11*h**2 - 5*h - 117. Calculate w(9).
0
Let y(p) = p**3 - 44*p**2 + 73*p + 87. Calculate y(42).
-375
Let c(h) = 8*h + 392. Determine c(-47).
16
Let i(d) = 450*d + 2668. Give i(-6).
-32
Let r(o) = -197*o - 6087. Give r(-31).
20
Let y(r) = -2*r**3 - 121*r**2 - 66*r - 345. Calculate y(-60).
15
Let g(h) = h**3 + 27*h**2 - 419*h - 22. What is g(-38)?
16
Let b(o) = o**3 + 20*o**2 + 20*o + 216. Give b(-20).
-184
Let l(h) = -120*h + 4439. Give l(37).
-1
Let l(f) = f**2 - 15*f - 39. Calculate l(-3).
15
Let q(z) = 3986*z - 4003. Calculate q(1).
-17
Let n(q) = 6*q**3 + 11*q**2 - 2*q + 7. Calculate n(-6).
-881
Let i(q) = q**3 - 95*q**2 + 175*q + 995. What is i(93)?
-28
Let c(g) = 33*g - 698. Determine c(23).
61
Let y(g) = 5*g + 443. Calculate y(-36).
263
Let h(g) = 183*g**2 + 494*g - 161. Determine h(-3).
4
Let t(g) = g**3 - 2*g**2 - 48*g + 4. What is t(7)?
-87
Let j(x) = 20*x + 92. Calculate j(-4).
12
Let b(g) = -8320*g + 24951. Give b(3).
-9
Let f(p) = -p**2 + 62*p - 382. Give f(55).
3
Let d(k) = 3*k**3 - 68*k**2 - 24*k - 10. Determine d(23).
-33
Let c(l) = -7*l**2 + 4*l - 2. Determine c(5).
-157
Let v(l) = 552*l - 51337. Give v(93).
-1
Let y(x) = x**3 + x**2 + 2*x - 35. What is y(3)?
7
Let p(b) = 2*b**2 - 4612*b - 140156. Determine p(-30).
4
Let y(d) = 6*d**2 - 529*d + 95. Give y(88).
7
Let j(i) = 22*i - 60. Calculate j(9).
138
Let c(o) = o**2 + 38*o + 239. Calculate c(-11).
-58
Let d(q) = 11*q**2 - 217*q - 7. Determine d(20).
53
Let p(y) = -17*y - 101. What is p(-7)?
18
Let f(h) = 2*h**2 + 710*h - 63487. What is f(74)?
5
Let z(s) = -3*s**3 - 29*s**2 - 15*s - 258. Give z(-10).
-8
Let b(g) = -g**3 + 101*g**2 + 4*g + 9993. Calculate b(102).
-3
Let c(l) = -516*l + 1552. What is c(3)?
4
Let w(v) = -v**3 - 8*v**2 + 325*v + 2322. Give w(-7).
-2
Let r(p) = 12*p - 52. Give r(10).
68
Let x(o) = -9501*o + 66505. Give x(7).
-2
Let w(p) = p**3 + 17*p**2 + 2*p - 58. What is w(-16)?
166
Let k(t) = 62*t + 1312. Give k(-16).
320
Let a(g) = g**2 + 2*g + 9. Calculate a(-9).
72
Let c(o) = -21*o - 155. Calculate c(-8).
13
Let s(n) = 25*n + 236. What is s(-7)?
61
Let o(j) = 3*j**3 - 13*j**2 + 13*j - 6. Calculate o(2).
-8
Let a(t) = 71*t - 2561. What is a(36)?
-5
Let r(q) = -19*q**3 + 4*q**2 - 6*q + 2. Determine r(1).
-19
Let i(x) = 6*x**2 - 11*x - 40. Give i(-2).
6
Let n(o) = -o**3 + 3*o**2 + 15*o + 31. Give n(-2).
21
Let l(a) = -7*a + 84. Give l(-54).
462
Let s(g) = -83*g + 8287. What is s(100)?
-13
Let o(n) = n**2 - 415*n + 21596. What is o(354)?
2
Let v(y) = 21*y + 88. Calculate v(0).
88
Let s(o) = -33*o**2 + 5. Give s(-2).
-127
Let n(c) = -26*c - 105. What is n(-4)?
-1
Let z(g) = -g**2 + 21*g + 237. Determine z(17).
305
Let v(j) = -12*j**2 + 213*j + 73. Determine v(18).
19
Let f(j) = 7*j**2 - 19*j + 7. What is f(2)?
-3
Let z(l) = -5*l**2 - 170*l - 459. What is z(-31)?
6
Let w(a) = -2*a**3 - 12*a**2 - 27*a - 18. What is w(-8)?
454
Let o(i) = -3*i**2 + 297*i - 4785. What is o(20)?
-45
Let i(x) = x**2 - 12*x - 16. Determine i(0).
-16
Let d(x) = 83*x**2 - 889*x + 590. Calculate d(10).
0
Let p(n) = n**3 + 37*n**2 + 36*n - 29. Calculate p(-36).
-29
Let g(q) = -10*q**3 + 709*q**2 + 72*q - 67. Calculate g(71).
4
Let x(w) = -w**2 + 32*w - 229. Calculate x(22).
-9
Let g(q) = q**3 - 25*q**2 + 131*q - 4076. Determine g(26).
6
Let b(h) = h**3 - 8*h**2 - 1074*h + 28. Give b(37).
-9
Let w(l) = l - 6. Give w(31).
25
Let c(k) = 2*k**3 + 15*k**2 + 22*k + 34. Determine c(-6).
10
Let a(n) = -n**3 - 13*n**2 + 14*n + 21. Calculate a(-14).
21
Let q(j) = 2*j**3 - 10*j**2 - 386*j + 1061. Calculate q(-13).
-5
Let a(c) = -35*c - 219. What is a(0)?
-219
Let q(d) = -308*d - 81923. Determine q(-266).
5
Let y(d) = 27*d + 472. Determine y(-19).
-41
Let d(f) = 518*f - 5736. Give d(11).
-38
Let l(r) = 13*r**2 - 1280*r + 580. Determine l(98).
-8
Let a(c) = c**3 + 110*c**2 + 321*c + 11. Determine a(-107).
11
Let j(v) = v**3 - 8*v**2 + 12*v - 18. Calculate j(7).
17
Let k(y) = -65*y**2 + 9*y - 17. Determine k(2).
-259
Let j(u) = -7*u**2 + 28*u + 127. What is j(0)?
127
Let o(t) = -t**2 + 384*t - 2668. Determine o(7).
-29
Let m(a) = 43*a**2 - 323*a + 74. Give m(7).
-80
Let r(s) = -3110*s - 189707. Determine r(-61).
3
Let r(p) = -5*p + 168. Calculate r(55).
-107
Let d(q) = -24*q - 3261. Calculate d(-136).
3
Let a(f) = -10*f**2 - 170*f + 4. Determine a(-17).
4
Let x(w) = 3387*w + 13545. Calculate x(-4).
-3
Let h(w) = -4*w**2 + 23*w - 7. Give h(6).
-13
Let j(y) = 54*y - 381. Determine j(10).
159
Let v(h) = 10*h**3 - h**2 + 6*h + 7. Calculate v(-3).
-290
Let i(p) = -9*p + 193. Determine i(21).
4
Let v(o) = 2*o - 127. Determine v(11).
-105
Let m(x) = 2*x**2 + 1258*x + 8691. Determine m(-7).
-17
Let g(x) = -2*x**3 + 10*x**2 - 23*x + 17. Calculate g(7).
-340
Let l(v) = -46*v + 178. What is l(15)?
-512
Let w(l) = 12*l - 137. Calculate w(9).
-29
Let i(b) = -15*b**2 + 362*b - 45. What is i(24)?
3
Let i(o) = -o**3 + 20*o**2 + 189*o - 34. Give i(-7).
-34
Let r(t) = -4*t - 49. Give r(-11).
-5
Let o(n) = -25*n**3 - 216*n**2 + 80*n. What is o(-9)?
9
Let m(l) = -82*l + 352. What is m(5)?
-58
Let z(s) = 42*s**2 - 87*s + 9. What is z(3)?
126
Let b(u) = 2*u**3 - 112*u**2 + 726*u - 33879. Determine b(55).
1
Let k(i) = i**2 - 5*i - 239. Calculate k(-13).
-5
Let c(t) = 12*t**2 - 14*t - 21. What is c(2)?
-1
Let w(j) = 315*j + 7075. What is w(-22)?
145
Let l(n) = -2*n**3 + 49*n**2 - 32*n - 9. Give l(24).
-201
Let t(i) = 44*i**3 - 22*i**2 + 45*i - 1. Calculate t(2).
353
Let l(w) = -2*w**2 + 12*w - 182. Determine l(15).
-452
Let o(k) = 9*k**3 + 98*k**2 - 7*k + 33. Give o(-11).
-11
Let y(q) = 3*q**2 - 34*q - 358. What is y(19)?
79
Let q(h) = 4*h + 218. What is q(-38)?
66
Let t(x) = 3*x + 93. Determine t(-38).
-21
Let k(i) = i**3 + 54*i**2 - 228*i - 51. Calculate k(-58).
-283
Let w(c) = 21560*c + 129367. What is w(-6)?
7
Let x(b) = 145*b - 3611. Calculate x(25).
14
Let a(p) = -7*p**2 + 178*p + 702. Determine a(-4).
-122
Let m(v) = 3*v - 350. Calculate m(34).
-248
Let x(b) = 8*b - 210. Determine x(25).
-10
Let j(o) = -o**3 - 15*o**2 - 23*o + 242. Give j(-8).
-22
Let m(n) = -n**2 - 2*n + 18. What is m(3)?
3
Let c(h) = h**2 + 21*h + 51. Give c(-8).
-53
Let w(z) = 324*z + 4860. Determine w(-15).
0
Let l(n) = 4*n**2 + 19*n - 126. Determine l(0).
-126
Let m(q) = 142*q + 5113. Determine m(-36).
1
Let x(v) = 24*v**2 + 141*v. Determine x(-6).
18
Let g(s) = 23*s - 2. Give g(5).
113
Let d(r) = r**2 - 4*r - 1760. Determine d(44).
0
Let j(h) = -6*h - 464. Determine j(-18).
-356
Let y(x) = -26*x**2 - 674*x + 55. Calculate y(-26).
3
Let y(z) = 27*z + 556. Calculate y(-22).
-38
Let x(c) = -c**2 - 18*c - 7. What is x(9)?
-250
Let u(l) = -6*l - 314. Determine u(-55).
16
Let s(d) = 230*d + 1505. Give s(-7).
-105
Let k(t) = 127*t - 5203. What is k(41)?
4
Let y(f) = -3*f**3 + 2*f**2 - 46*f + 124. Calculate y(3).
-77
Let u(a) = a**2 - 20*a - 139. Give u(29).
122
Let q(l) = 44*l + 143. What is q(-9)?
-253
Let v(o) = -1567*o + 14126. Give v(9).
23
Let j(q) = -217*q**2 + 1508*q + 22. Determine j(7).
-55
Let f(y) = 83*y**2 + 558*y - 1113. Calculate f(2).
335
Let k(n) = -n**3 - 5*n**2 - 1. Determine k(-6).
35
Let d(z) = z**3 - 25*z**2 + 112*z + 3. Calculate d(6).
-9
Let f(k) = -4*k**2 + 369*k + 733. Give f(-2).
-21
Let y(w) = -9*w**3 + 594*w**2 - 4*w + 149. What is y(66)?
-115
Let l(k) = 26*k + 126. Determine l(7).
308
Let k(i) = i**2 - 413*i - 3777. What is k(-9)?
21
Let y(d) = -22*d**2 - 142*d - 28. Calculate y(-6).
32
Let j(i) = 51*i + 152. What is j(-9)?
-307
Let p(h) = h**2 - 69*h + 376. Determine p(9).
-164
Let h(u) = -109*u**2 - 3*u - 11. Give h(-2).
-441
Let k(i) = -i**3 - 16*i**2 + 83*i - 9. Give k(4).
3
Let k(b) = 3*b**3 + 53*b**2 + 34*b + 11. Give k(-17).
11
Let k(t) = -t**3 - 8*t**2 + 50*t + 29. Calculate k(-12).
5
Let g(p) = 223*p + 3712. What is g(-13)?
813
Let u(g) = g**3 + 58*g**2 + 104*g - 516. Determine u(-56).
-68
Let x(j) = -259*j - 5157. What is x(-20)?
23
Let h(p) = 25*p**2 - 3115*p - 1241. Determine h(125).
9
Let a(c) = 16*c + 834. Calculate a(-41).
178
Let p(i) = -10*i**2 + 50*i + 214. Determine p(-6).
-446
Let u(n) = 6*n**3 - 45*n**2 - 12*n - 89. Calculate u(8).
7
Let m(p) = -2486*p + 9943. Calculate m(4).
-1
Let o(s) = 20*s**3 + 38*s**2 - 146*s - 290. Give o(-2).
-6
L